{"id":62,"date":"2024-03-16T18:45:22","date_gmt":"2024-03-16T17:45:22","guid":{"rendered":"https:\/\/botanicasaludable.com\/?page_id=62"},"modified":"2025-03-04T04:34:42","modified_gmt":"2025-03-04T03:34:42","slug":"con-la-letra-b","status":"publish","type":"page","link":"https:\/\/botanicasaludable.com\/index.php\/de-la-a-l\/con-la-letra-b\/","title":{"rendered":"CON LA  LETRA B"},"content":{"rendered":"\n<h3 class=\"wp-block-heading has-text-align-center\"><mark style=\"background-color:rgba(0, 0, 0, 0)\" class=\"has-inline-color has-primary-color\">Explora Nuestras Plantas Medicinales:<\/mark><\/h3>\n\n\n\n<h3 class=\"wp-block-heading has-text-align-center\"><mark style=\"background-color:rgba(0, 0, 0, 0)\" class=\"has-inline-color has-primary-color\">Con la letra B<\/mark><\/h3>\n\n\n\n<p>En esta p\u00e1gina, encontrar\u00e1s una lista completa y cuidadosamente organizada de plantas medicinales, ordenadas alfab\u00e9ticamente para tu comodidad. Cada planta est\u00e1 acompa\u00f1ada de una imagen, y al hacer clic en la fotograf\u00eda, acceder\u00e1s a una ficha detallada que te proporcionar\u00e1 toda la informaci\u00f3n que necesitas saber sobre sus beneficios y usos.<\/p>\n\n\n\n<p>Cada ficha de planta incluye un video explicativo que te guiar\u00e1 a trav\u00e9s de sus principales propiedades medicinales, facilitando una comprensi\u00f3n m\u00e1s profunda de c\u00f3mo puedes integrarlas en tu vida diaria para mejorar tu bienestar.<\/p>\n\n\n\n<h4 class=\"wp-block-heading has-text-align-center\"><strong><mark style=\"background-color:rgba(0, 0, 0, 0)\" class=\"has-inline-color has-primary-color\">\u00bfQu\u00e9 Informaci\u00f3n Encontrar\u00e1s en Cada Ficha?<\/mark><\/strong><\/h4>\n\n\n\n<p>Nuestras fichas est\u00e1n clasificadas en los siguientes apartados para ofrecerte un conocimiento completo y estructurado de cada planta:<\/p>\n\n\n\n<ul>\n<li><strong>Descripci\u00f3n:<\/strong>&nbsp;Informaci\u00f3n detallada sobre la morfolog\u00eda, h\u00e1bitat y caracter\u00edsticas bot\u00e1nicas de la planta.<\/li>\n\n\n\n<li><strong>Propiedades Medicinales:<\/strong>&nbsp;Un an\u00e1lisis exhaustivo de los beneficios para la salud, incluyendo c\u00f3mo se utilizan en remedios naturales y terapias alternativas.<\/li>\n\n\n\n<li><strong>Aspectos M\u00e1gicos y Tradiciones:<\/strong>\u00a0Explora c\u00f3mo cada planta ha sido utilizada en rituales y tradiciones m\u00e1gicas a lo largo de la historia.<\/li>\n\n\n\n<li><strong>La Planta desde la M.T.C:<\/strong>&nbsp;Descubre la perspectiva de la Medicina Tradicional China (M.T.C) sobre la planta, incluyendo su naturaleza, sabor, y los meridianos que afecta.<\/li>\n\n\n\n<li><strong>Estudios Cient\u00edficos:<\/strong>&nbsp;Resumen de investigaciones cient\u00edficas que respaldan las propiedades medicinales de la planta, aportando un enfoque basado en evidencia.<\/li>\n\n\n\n<li><strong>Bibliograf\u00eda:<\/strong>&nbsp;Fuentes y referencias que avalan la informaci\u00f3n proporcionada, para aquellos que deseen profundizar a\u00fan m\u00e1s en el tema.<\/li>\n<\/ul>\n\n\n\n<div style=\"height:100px\" aria-hidden=\"true\" class=\"wp-block-spacer\"><\/div>\n\n\n\n<h2 class=\"wp-block-heading has-text-align-center\">LISTADO DE PLANTAS MEDICINALES<\/h2>\n\n\n\n<div class=\"wp-block-columns is-layout-flex wp-container-core-columns-layout-1 wp-block-columns-is-layout-flex\">\n<div class=\"wp-block-column is-layout-flow wp-block-column-is-layout-flow\">\n<figure class=\"wp-block-image size-large\"><a href=\"https:\/\/botanicasaludable.com\/index.php\/de-la-a-l\/con-la-letra-b\/bardana\/\"><img loading=\"lazy\" decoding=\"async\" width=\"1024\" height=\"1024\" src=\"https:\/\/botanicasaludable.com\/wp-content\/uploads\/2025\/01\/Bardana-1-1024x1024.jpg\" alt=\"\" class=\"wp-image-4263\" srcset=\"https:\/\/botanicasaludable.com\/wp-content\/uploads\/2025\/01\/Bardana-1-1024x1024.jpg 1024w, https:\/\/botanicasaludable.com\/wp-content\/uploads\/2025\/01\/Bardana-1-300x300.jpg 300w, https:\/\/botanicasaludable.com\/wp-content\/uploads\/2025\/01\/Bardana-1-150x150.jpg 150w, https:\/\/botanicasaludable.com\/wp-content\/uploads\/2025\/01\/Bardana-1-768x768.jpg 768w, https:\/\/botanicasaludable.com\/wp-content\/uploads\/2025\/01\/Bardana-1.jpg 1080w\" sizes=\"(max-width: 1024px) 100vw, 1024px\" \/><\/a><\/figure>\n<\/div>\n\n\n\n<div class=\"wp-block-column is-layout-flow wp-block-column-is-layout-flow\">\n<figure class=\"wp-block-image size-large\"><a href=\"https:\/\/botanicasaludable.com\/index.php\/de-la-a-l\/con-la-letra-b\/boldo\/\"><img loading=\"lazy\" decoding=\"async\" width=\"1024\" height=\"1024\" src=\"https:\/\/botanicasaludable.com\/wp-content\/uploads\/2025\/01\/Boldo-1024x1024.jpg\" alt=\"\" class=\"wp-image-4259\" srcset=\"https:\/\/botanicasaludable.com\/wp-content\/uploads\/2025\/01\/Boldo-1024x1024.jpg 1024w, https:\/\/botanicasaludable.com\/wp-content\/uploads\/2025\/01\/Boldo-300x300.jpg 300w, https:\/\/botanicasaludable.com\/wp-content\/uploads\/2025\/01\/Boldo-150x150.jpg 150w, https:\/\/botanicasaludable.com\/wp-content\/uploads\/2025\/01\/Boldo-768x768.jpg 768w, https:\/\/botanicasaludable.com\/wp-content\/uploads\/2025\/01\/Boldo.jpg 1080w\" sizes=\"(max-width: 1024px) 100vw, 1024px\" \/><\/a><\/figure>\n<\/div>\n\n\n\n<div class=\"wp-block-column is-layout-flow wp-block-column-is-layout-flow\">\n<figure class=\"wp-block-gallery has-nested-images columns-default is-cropped wp-block-gallery-1 is-layout-flex wp-block-gallery-is-layout-flex\">\n<figure class=\"wp-block-image size-large\"><a href=\"https:\/\/botanicasaludable.com\/index.php\/de-la-a-l\/con-la-letra-b\/propiedades-de-la-bolsa-de-pastor\/\"><img loading=\"lazy\" decoding=\"async\" width=\"1024\" height=\"1024\" src=\"https:\/\/botanicasaludable.com\/wp-content\/uploads\/2024\/10\/capsella-bursa-pastoris-1024x1024.jpg\" alt=\"\" class=\"wp-image-2517\" srcset=\"https:\/\/botanicasaludable.com\/wp-content\/uploads\/2024\/10\/capsella-bursa-pastoris-1024x1024.jpg 1024w, https:\/\/botanicasaludable.com\/wp-content\/uploads\/2024\/10\/capsella-bursa-pastoris-300x300.jpg 300w, https:\/\/botanicasaludable.com\/wp-content\/uploads\/2024\/10\/capsella-bursa-pastoris-150x150.jpg 150w, https:\/\/botanicasaludable.com\/wp-content\/uploads\/2024\/10\/capsella-bursa-pastoris-768x768.jpg 768w, https:\/\/botanicasaludable.com\/wp-content\/uploads\/2024\/10\/capsella-bursa-pastoris.jpg 1080w\" sizes=\"(max-width: 1024px) 100vw, 1024px\" \/><\/a><\/figure>\n<\/figure>\n<\/div>\n\n\n\n<div class=\"wp-block-column is-layout-flow wp-block-column-is-layout-flow\">\n<figure class=\"wp-block-gallery has-nested-images columns-default is-cropped wp-block-gallery-2 is-layout-flex wp-block-gallery-is-layout-flex\">\n<figure class=\"wp-block-image size-large\"><a href=\"https:\/\/botanicasaludable.com\/index.php\/de-la-a-l\/con-la-letra-b\/borotutu\/\"><img loading=\"lazy\" decoding=\"async\" width=\"1024\" height=\"1024\" src=\"https:\/\/botanicasaludable.com\/wp-content\/uploads\/2024\/10\/borututu-miniatura-1024x1024.jpg\" alt=\"\" class=\"wp-image-2520\" srcset=\"https:\/\/botanicasaludable.com\/wp-content\/uploads\/2024\/10\/borututu-miniatura-1024x1024.jpg 1024w, https:\/\/botanicasaludable.com\/wp-content\/uploads\/2024\/10\/borututu-miniatura-300x300.jpg 300w, https:\/\/botanicasaludable.com\/wp-content\/uploads\/2024\/10\/borututu-miniatura-150x150.jpg 150w, https:\/\/botanicasaludable.com\/wp-content\/uploads\/2024\/10\/borututu-miniatura-768x768.jpg 768w, https:\/\/botanicasaludable.com\/wp-content\/uploads\/2024\/10\/borututu-miniatura.jpg 1080w\" sizes=\"(max-width: 1024px) 100vw, 1024px\" \/><\/a><\/figure>\n<\/figure>\n<\/div>\n\n\n\n<div class=\"wp-block-column is-layout-flow wp-block-column-is-layout-flow\"><\/div>\n<\/div>\n\n\n\n<div style=\"height:100px\" aria-hidden=\"true\" class=\"wp-block-spacer\"><\/div>\n\n\n\n<h2 class=\"wp-block-heading has-text-align-center\">RECURSOS AUDIOVISUALES<\/h2>\n\n\n\n<ul>\n<li><a href=\"https:\/\/www.gbif.org\/occurrence\/4600141187\"><em>Capsella bursa-pastoris <\/em>(L.) Medik.<\/a> observed in Lebanon by Ramez Atallah (licensed under <a href=\"http:\/\/creativecommons.org\/licenses\/by-nc\/4.0\/\">http:\/\/creativecommons.org\/licenses\/by-nc\/4.0\/<\/a>) <\/li>\n\n\n\n<li><a href=\"https:\/\/www.inaturalist.org\/photos\/13816448\">Foto 13816448, (c) Luis Querido, algunos derechos reservados (CC BY-NC), subido por Luis Querido \u00b7 iNaturalist<\/a><\/li>\n<\/ul>\n\n\n\n<div style=\"height:100px\" aria-hidden=\"true\" class=\"wp-block-spacer\"><\/div>\n\n\n\n<p class=\"has-text-align-center has-vivid-red-color has-text-color has-link-color wp-elements-c29dafa3e7359af6c76fdb4422c20eb2\"><strong>DESCARGO DE RESPONSABILIDAD<\/strong><\/p>\n\n\n\n<p class=\"has-vivid-red-color has-text-color has-link-color wp-elements-b52e6d354cd1464648dc3c44bddc8234\">La informaci\u00f3n proporcionada en este canal, ya sea en forma de texto, audio, video u otro formato, tiene como \u00fanico prop\u00f3sito brindar informaci\u00f3n general y educativa. Esta informaci\u00f3n no pretende reemplazar el consejo, diagn\u00f3stico o tratamiento m\u00e9dico profesional. Antes de comenzar cualquier r\u00e9gimen de salud, cambio en la dieta o programa de ejercicios, es fundamental consultar con un profesional de la salud calificado.<\/p>\n\n\n\n<p class=\"has-vivid-red-color has-text-color has-link-color wp-elements-211bbeb194d9cbf0c4d8acaaf6602c0e\">Toda la informaci\u00f3n proporcionada en este canal se basa en fuentes cre\u00edbles y actualizadas, as\u00ed como en la mejor comprensi\u00f3n cient\u00edfica disponible en el momento de su publicaci\u00f3n. Sin embargo, no se puede garantizar la exactitud, integridad o idoneidad de esta informaci\u00f3n para cualquier prop\u00f3sito espec\u00edfico.<\/p>\n\n\n\n<p class=\"has-vivid-red-color has-text-color has-link-color wp-elements-1d213c6748f0375356c69824f35d91d4\">El uso o aplicaci\u00f3n de cualquier informaci\u00f3n contenida en este canal es responsabilidad exclusiva del usuario. El propietario y los colaboradores de este canal no asumen ninguna responsabilidad por cualquier p\u00e9rdida, lesi\u00f3n o da\u00f1o resultante del uso indebido o interpretaci\u00f3n de la informaci\u00f3n proporcionada.<\/p>\n\n\n\n<p class=\"has-vivid-red-color has-text-color has-link-color wp-elements-ba96cc967e125a074e05d901b89a68ba\">Se recomienda encarecidamente buscar el consejo de un profesional de la salud cualificado antes de tomar cualquier decisi\u00f3n relacionada con su salud o bienestar. Nunca desatienda el consejo m\u00e9dico profesional ni retrase la b\u00fasqueda de atenci\u00f3n m\u00e9dica debido a algo que haya le\u00eddo, escuchado o visto en este canal.<\/p>\n\n\n\n<div style=\"height:100px\" aria-hidden=\"true\" class=\"wp-block-spacer\"><\/div>\n\n\n\n<div class=\"wp-block-columns is-layout-flex wp-container-core-columns-layout-2 wp-block-columns-is-layout-flex\">\n<div class=\"wp-block-column is-layout-flow wp-block-column-is-layout-flow\"><\/div>\n\n\n\n<div class=\"wp-block-column is-layout-flow wp-block-column-is-layout-flow\">\n<figure class=\"wp-block-gallery has-nested-images columns-default is-cropped wp-block-gallery-3 is-layout-flex wp-block-gallery-is-layout-flex\">\n<figure class=\"wp-block-image size-large\"><a href=\"https:\/\/botanicasaludable.com\/\"><img loading=\"lazy\" decoding=\"async\" width=\"1024\" height=\"576\" src=\"https:\/\/botanicasaludable.com\/wp-content\/uploads\/2025\/01\/Botanica3-1024x576.png\" alt=\"\" class=\"wp-image-4443\" srcset=\"https:\/\/botanicasaludable.com\/wp-content\/uploads\/2025\/01\/Botanica3-1024x576.png 1024w, https:\/\/botanicasaludable.com\/wp-content\/uploads\/2025\/01\/Botanica3-300x169.png 300w, https:\/\/botanicasaludable.com\/wp-content\/uploads\/2025\/01\/Botanica3-768x432.png 768w, https:\/\/botanicasaludable.com\/wp-content\/uploads\/2025\/01\/Botanica3-1536x864.png 1536w, https:\/\/botanicasaludable.com\/wp-content\/uploads\/2025\/01\/Botanica3.png 1920w\" sizes=\"(max-width: 1024px) 100vw, 1024px\" \/><\/a><\/figure>\n<\/figure>\n<\/div>\n\n\n\n<div class=\"wp-block-column is-layout-flow wp-block-column-is-layout-flow\"><\/div>\n<\/div>\n","protected":false},"excerpt":{"rendered":"<p>Explora Nuestras Plantas Medicinales: Con la letra B En esta p\u00e1gina, encontrar\u00e1s una lista completa y cuidadosamente organizada de plantas medicinales, ordenadas alfab\u00e9ticamente para tu comodidad. Cada planta est\u00e1 acompa\u00f1ada de una imagen, y al hacer clic en la fotograf\u00eda, acceder\u00e1s a una ficha detallada que te proporcionar\u00e1 toda la informaci\u00f3n que necesitas saber sobre [&hellip;]<\/p>\n","protected":false},"author":1,"featured_media":0,"parent":103,"menu_order":2,"comment_status":"closed","ping_status":"closed","template":"","meta":{"om_disable_all_campaigns":false,"_monsterinsights_skip_tracking":false,"_monsterinsights_sitenote_active":false,"_monsterinsights_sitenote_note":"","_monsterinsights_sitenote_category":0,"_uf_show_specific_survey":0,"_uf_disable_surveys":false,"footnotes":""},"aioseo_notices":[],"_links":{"self":[{"href":"https:\/\/botanicasaludable.com\/index.php\/wp-json\/wp\/v2\/pages\/62"}],"collection":[{"href":"https:\/\/botanicasaludable.com\/index.php\/wp-json\/wp\/v2\/pages"}],"about":[{"href":"https:\/\/botanicasaludable.com\/index.php\/wp-json\/wp\/v2\/types\/page"}],"author":[{"embeddable":true,"href":"https:\/\/botanicasaludable.com\/index.php\/wp-json\/wp\/v2\/users\/1"}],"replies":[{"embeddable":true,"href":"https:\/\/botanicasaludable.com\/index.php\/wp-json\/wp\/v2\/comments?post=62"}],"version-history":[{"count":11,"href":"https:\/\/botanicasaludable.com\/index.php\/wp-json\/wp\/v2\/pages\/62\/revisions"}],"predecessor-version":[{"id":4717,"href":"https:\/\/botanicasaludable.com\/index.php\/wp-json\/wp\/v2\/pages\/62\/revisions\/4717"}],"up":[{"embeddable":true,"href":"https:\/\/botanicasaludable.com\/index.php\/wp-json\/wp\/v2\/pages\/103"}],"wp:attachment":[{"href":"https:\/\/botanicasaludable.com\/index.php\/wp-json\/wp\/v2\/media?parent=62"}],"curies":[{"name":"wp","href":"https:\/\/api.w.org\/{rel}","templated":true}]}}